 = -5*i - 263. Let w be f(-54). What are the prime factors of o(w)?
2, 743
Let o(t) = t**3 - 9*t**2 + 8*t - 24. Let k be 22/2*7/(-5 - -12). What are the prime factors of o(k)?
2, 3, 17
Let a(s) = 10*s + 91. Let x be a(-14). Let z = x - -53. What are the prime factors of z?
2
Suppose 3*b - 43899 - 51548 = -4*z, 0 = 4*b - 4*z - 127216. List the prime factors of b.
3, 23, 461
Let q = -19872 + 39255. List the prime factors of q.
3, 7, 13, 71
Let h(o) = -3357*o - 150. Let a be h(-5). List the prime factors of 3/(-15*(-3)/a).
1109
Suppose 5*a = 3*t + 1555, -200 = 2*a - 3*t - 831. Let q = a - 161. What are the prime factors of q?
3, 7
Let s(l) = -895*l**2 - 14*l - 1. Let u be s(-4). What are the prime factors of (16/(960/u))/(6/(-16))?
2, 317
Suppose 115 = -26*v + 49*v. Suppose 734 = o + 2*a, -2166 = -v*o + 2*o + 3*a. List the prime factors of o.
2, 3, 11
Let h = 47 + -45. Suppose -3 = -h*o + 9. Suppose -2*k - 98 = -n - n, o = 3*k. What are the prime factors of n?
3, 17
Let p(g) = 4*g**2 + 50*g + 3. Let m be p(-17). Let a = -40 + m. What are the prime factors of a?
269
Let m be (-29)/348 - 3818/(-24). Suppose 6*v - 2181 = m. What are the prime factors of v?
2, 3, 5, 13
Let s(v) = 2*v**2 + 2*v - 16. Let u be s(3). Let f = 196 - u. What are the prime factors of f?
2, 47
Let d be 8/(-6)*(0 + 3). Let z be -1*1*1/2*d. What are the prime factors of z*4/(32/332)?
83
Let d = 4281 + 9167. What are the prime factors of d?
2, 41
Let a(l) = 7*l**2 - 4*l - 30 + 4 - 12*l**2 + 6*l**2. Let b be a(8). Suppose u + 50 = b*u. What are the prime factors of u?
2, 5
Suppose 0 = 4*j - 3*r - 2375, -j + 4*r = 7*r - 605. Let d = 1245 - j. List the prime factors of d.
11, 59
Let g(x) = 891*x**2 + 91*x - 528. What are the prime factors of g(6)?
2, 3, 1783
Let a(l) = l**3 - 5*l**2 - 147*l + 5. What are the prime factors of a(35)?
2, 5, 29, 109
Suppose 0 = -4*v + 3*c + 4629, c = 5*v + 1866 - 7666. List the prime factors of v.
3, 43
Let u(x) = 69*x - 828. List the prime factors of u(76).
2, 3, 23
Let u be 33/4*1056/36. Suppose 0 = 4*w + 3*o - u + 78, 3*w + 2*o = 123. What are the prime factors of w?
41
Let i = -1770 + 2810. Suppose -4*l + i = l. List the prime factors of 2154/26 - (-32)/l.
83
Suppose 0*s + 20 = -5*s, -4*r - 2*s = -16564. List the prime factors of r.
3, 1381
Let b(a) = 51*a**2 - 3*a + 10. Let i(y) = -155*y**2 + 10*y - 30. Let o(h) = -8*b(h) - 3*i(h). List the prime factors of o(6).
2, 1013
Let p(z) = -z**3 + 6*z**2 - 3*z - 8. Let g be p(5). Suppose 7 = t - g*w - 15, -4*w - 58 = -3*t. List the prime factors of t.
2, 7
Suppose -66*c - 7297420 = -235*c. List the prime factors of c.
2, 5, 17, 127
What are the prime factors of -78*(-18)/(-8)*-4?
2, 3, 13
What are the prime factors of (-20)/(-30) + (-7000)/(-3)?
2, 3, 389
Suppose 7*d - 959 = -0*d. Let y = d - -418. What are the prime factors of y?
3, 5, 37
Let w(o) = -o**3 + 81*o**2 - 52*o + 371. List the prime factors of w(76).
3, 937
Let j(c) = -13*c**3 - c - 3. Suppose -3*w - 9 = 3*z, -2*z + 4*w - 6 = 3*w. List the prime factors of j(z).
3, 13
Let w(v) = 34*v**2 - v**3 + 843*v + 6 - 32 - 794*v. List the prime factors of w(35).
2, 29
List the prime factors of (-4435353)/(-26)*(-22)/(-99).
167, 227
Suppose 0 = 6*x - 5*x - 2. Suppose 0 = -2*s - 3*i + 442, -x*s + 439 + 3 = -2*i. What are the prime factors of s?
13, 17
Suppose 214529 = 6*x + 9*x + 60374. List the prime factors of x.
43, 239
Let c(p) = -4*p**3 - 2*p**2 - 2*p + 2. Let a be c(-2). What are the prime factors of (1*-68)/(4 - 125/a)?
2, 3, 17
Suppose 46*a - 1443528 + 510903 = a. List the prime factors of a.
5, 829
Let h(x) = -x**3 - 12*x**2 + 2*x + 29. Let r be h(-12). Let k = -13 + 20. Suppose k*g - r*g = 110. List the prime factors of g.
5, 11
Suppose -2*a + r + 3 - 1 = 0, -r + 8 = 3*a. List the prime factors of (0 + 5 - a)*(117 + -4).
3, 113
Let d(y) be the third derivative of -3*y**4/4 + 59*y**3/3 - 241*y**2. What are the prime factors of d(6)?
2, 5
Let u(s) = 3*s**3 - 6*s**2 - 2*s. Let r be u(5). Let a(m) = m**3 - m**2 + m - 123. Let p be a(0). Let o = p + r. What are the prime factors of o?
2, 23
Suppose -5*o + 99861 = 2*k + 22547, 2*k - 77298 = 3*o. List the prime factors of k.
2, 3, 3221
Let j(m) = 1176*m**2 - 147*m + 657. List the prime factors of j(6).
3, 4679
Let z be 6/(-5) - (-44336)/80. Suppose -2*y - 4*t + 185 + 173 = 0, 3*y = 2*t + z. List the prime factors of y.
3, 61
List the prime factors of 5/(10/6)*(217063/21)/11.
2819
Let z = 90226 - 60458. What are the prime factors of z?
2, 61
Let h be (-558)/3*((-420)/9)/7. Suppose h = 16*u - 8. List the prime factors of u.
2, 3, 13
Suppose 0 = -9*z + 11*z + 54. Let l = -28 - z. What are the prime factors of ((-2)/10 - l)/(22/825)?
2, 3, 5
Suppose 0*r + 4*r + 5*b + 13 = 0, 0 = 3*r + 3*b + 6. Suppose -d = -l - 4*d + 163, -r*l = -d - 479. List the prime factors of l.
2, 5
Let h(k) = -14*k + 10. Let r be h(-4). Let y(g) = 2*g + 4. Let z be y(2). Suppose o + z = r. List the prime factors of o.
2, 29
Let j(q) = -q**2 - 10*q - 13. Let t be j(-8). Let d = t + -3. List the prime factors of (-2)/6 + d - 400/(-12).
3, 11
Suppose 67*p - 2*v + 213512 = 71*p, 3*p - 4*v = 160156. What are the prime factors of p?
2, 5, 17, 157
List the prime factors of -2282*-1*2 + 266/266.
5, 11, 83
Suppose 0 = -10*i + 7*i + 12. Let o(b) = -83*b**3 + 1 - i - 3 + b**2 - b + 5. What are the prime factors of o(-1)?
2, 3, 7
Suppose -4*t = 5*x - 6615, 1176 = 2*x + 3*t - 1470. Let q = x - 167. List the prime factors of q.
2, 17
Let z(p) = -2*p - 2. Let y be z(2). Let h(t) = t + 8. Let s be h(y). Suppose -4*x - o = -0*o - 106, -5*o = s*x - 44. What are the prime factors of x?
3
Suppose -5*k = 3*k + 1896. Let z = 445 + k. List the prime factors of z.
2, 13
Suppose -41 = -2*a - 31, -4*j = 3*a - 64191. What are the prime factors of j?
2, 3, 7, 191
Let o = -15963 + 23727. What are the prime factors of o?
2, 3, 647
Let z(v) = 18*v + 11. Let j be z(5). Suppose -9 - j = -i. Let y = -50 + i. List the prime factors of y.
2, 3, 5
Let n be -10 - ((-32)/40)/((-4)/10). What are the prime factors of ((-18)/n)/(-3*(-4)/2976)?
2, 3, 31
What are the prime factors of 119/(-12*9/(-6588))?
7, 17, 61
Let i(o) = 490*o - 3171. List the prime factors of i(44).
7, 37, 71
Let b = -44 - -99. Suppose 573 = 5*u + f, 4*f = 2*u - 293 + b. List the prime factors of u.
5, 23
Let y be (-16)/12*1083/(-2). Suppose 48*x = 47*x + y. List the prime factors of x.
2, 19
Suppose -735 = -5*h - 16*h. What are the prime factors of (-246)/(-4 + h/15 - -1)?
3, 41
Let t = 164055 - 100988. List the prime factors of t.
63067
Let t(o) = 3*o**2 + 64*o - 133. List the prime factors of t(-58).
6247
Let r(n) = n**3 + 10*n**2 + 10*n + 9. Suppose 3 + 172 = 7*m. Suppose 3*z = -5*f - m, 0*f = -5*f + 5*z - 65. What are the prime factors of r(f)?
3, 19
Let p = -731 + 7168. List the prime factors of p.
41, 157
Suppose -r + 10 = 5*q, q + q - 82 = -3*r. Let y = 178 - r. What are the prime factors of y?
2, 37
Suppose 5*b - b = 8. Suppose -2*f + 3*k + 0*k = 12, -f + b*k - 7 = 0. Let y(q) = -3*q**3 + q**2 - q + 3. What are the prime factors of y(f)?
2, 3
Let l be 6 + 3/(15/20). Suppose l*c = 297 + 943. List the prime factors of c.
2, 31
Let x(b) = 2059*b**3 - 18*b**2 + 39*b + 1. What are the prime factors of x(2)?
3, 1831
Let z(s) = -14*s**2 - 42*s - 53. Let f(b) = 21*b**2 + 64*b + 80. Let l(x) = -5*f(x) - 8*z(x). List the prime factors of l(11).
3, 349
Let x = -89 + 85. Let z be x/(-12) + 40/6. Let l(i) = i**2 - i - 2. List the prime factors of l(z).
2, 5
Let a = -46 + 45. Let j be -2*(-2 + (2 - a)). What are the prime factors of -5 - ((-2 - 50) + j)?
7
Let s(k) = k. Let t(o) = 298*o + 182. Let c(i) = 6*s(i) - t(i). List the prime factors of c(-6).
2, 5, 157
Suppose 147*a - 29*a - 11922632 = -2457616. What are the prime factors of a?
2, 11, 1823
List the prime factors of ((-2349138)/(-462))/(2/14).
35593
Let u(d) = 6*d**2 + 58*d - 2. Let q be u(-10). What are the prime factors of ((-84)/q*3)/(1/(-33))?
2, 3, 7, 11
Let a be (-85272)/(-32) - 6/8. Let t = a + -1444. What are the prime factors of t?
2, 5, 61
Suppose -4*b + 5*h + 10823 = -3775, 4*b - 2*h = 14604. Suppose -4*q + 3*u = -4876, 3*q + 2*u - b = 3*u. List the prime factors of q.
2, 19
Let j be 12/(-14)*(-112)/24. List the prime factors of 30642/5